{"id":12,"date":"2016-01-13T20:50:58","date_gmt":"2016-01-13T19:50:58","guid":{"rendered":"http:\/\/couplesetfamilles35.org\/?page_id=12"},"modified":"2020-02-17T22:36:35","modified_gmt":"2020-02-17T21:36:35","slug":"formations-de-professionnels","status":"publish","type":"page","link":"https:\/\/couplesetfamilles35.org\/index.php\/nos-activites\/formations-de-professionnels\/","title":{"rendered":"Formations de professionnels"},"content":{"rendered":"<p style=\"text-align: center;\">Sensibilisation \u00e0 nos <span style=\"color: #a0d34d;\"><a style=\"color: #a0d34d;\" href=\"http:\/\/couplesetfamilles35.org\/index.php\/nos-outils-pedagogiques\/\">outils p\u00e9dagogiques<\/a><\/span> &#8220;sacADOS&#8221; et &#8220;Kamino&#8221; de Couples et Familles aupr\u00e8s d\u2019acteurs et professionnels en \u00e9ducation.<img decoding=\"async\" loading=\"lazy\" class=\"alignright wp-image-213 size-thumbnail\" src=\"http:\/\/couplesetfamilles35.org\/wp-content\/uploads\/2018\/09\/jambes-150x150.png\" alt=\"\" width=\"150\" height=\"150\" \/><\/p>\n<p style=\"text-align: center;\">Autres propositions en partenariat avec la\u00a0<a href=\"http:\/\/www.couples-et-familles.com\/\">F\u00e9d\u00e9ration Couples et Familles<\/a>.<\/p>\n<p>Si vous souhaitez en savoir plus sur les <strong><span style=\"color: #1590c3;\">formations au conseil conjugal et familial<\/span><\/strong>\u00a0et \u00e0 l&#8217;<span style=\"color: #1590c3;\"><strong>\u00e9ducation \u00e0 la vie<\/strong><\/span>, nous vous invitons \u00e0 aller sur le site du Centre de Formation\u00a0de <a href=\"http:\/\/www.couplesetfamilles.org\/formation\">Couples &amp; Familles Pays de Loire<\/a><\/p>\n<p style=\"text-align: center;\">\n","protected":false},"excerpt":{"rendered":"<p>Sensibilisation \u00e0 nos outils p\u00e9dagogiques &#8220;sacADOS&#8221; et &#8220;Kamino&#8221; de Couples et Familles aupr\u00e8s d\u2019acteurs et professionnels en \u00e9ducation. Autres propositions en partenariat avec la\u00a0F\u00e9d\u00e9ration Couples et Familles. Si vous souhaitez en savoir plus sur les formations au conseil conjugal et familial\u00a0et \u00e0 l&#8217;\u00e9ducation \u00e0 la vie, nous vous invitons \u00e0 aller sur le site du &hellip; <a href=\"https:\/\/couplesetfamilles35.org\/index.php\/nos-activites\/formations-de-professionnels\/\" class=\"more-link\">Continue reading <span class=\"screen-reader-text\">Formations de professionnels<\/span><\/a><\/p>\n","protected":false},"author":1,"featured_media":0,"parent":115,"menu_order":0,"comment_status":"closed","ping_status":"closed","template":"","meta":[],"_links":{"self":[{"href":"https:\/\/couplesetfamilles35.org\/index.php\/wp-json\/wp\/v2\/pages\/12"}],"collection":[{"href":"https:\/\/couplesetfamilles35.org\/index.php\/wp-json\/wp\/v2\/pages"}],"about":[{"href":"https:\/\/couplesetfamilles35.org\/index.php\/wp-json\/wp\/v2\/types\/page"}],"author":[{"embeddable":true,"href":"https:\/\/couplesetfamilles35.org\/index.php\/wp-json\/wp\/v2\/users\/1"}],"replies":[{"embeddable":true,"href":"https:\/\/couplesetfamilles35.org\/index.php\/wp-json\/wp\/v2\/comments?post=12"}],"version-history":[{"count":12,"href":"https:\/\/couplesetfamilles35.org\/index.php\/wp-json\/wp\/v2\/pages\/12\/revisions"}],"predecessor-version":[{"id":288,"href":"https:\/\/couplesetfamilles35.org\/index.php\/wp-json\/wp\/v2\/pages\/12\/revisions\/288"}],"up":[{"embeddable":true,"href":"https:\/\/couplesetfamilles35.org\/index.php\/wp-json\/wp\/v2\/pages\/115"}],"wp:attachment":[{"href":"https:\/\/couplesetfamilles35.org\/index.php\/wp-json\/wp\/v2\/media?parent=12"}],"curies":[{"name":"wp","href":"https:\/\/api.w.org\/{rel}","templated":true}]}}