{"id":8,"date":"2016-01-13T20:50:41","date_gmt":"2016-01-13T19:50:41","guid":{"rendered":"http:\/\/couplesetfamilles35.org\/?page_id=8"},"modified":"2023-10-17T09:31:27","modified_gmt":"2023-10-17T08:31:27","slug":"entretien-aide-a-la-relation","status":"publish","type":"page","link":"https:\/\/couplesetfamilles35.org\/index.php\/nos-activites\/entretien-aide-a-la-relation\/","title":{"rendered":"Entretiens d&#8217;aide \u00e0 la relation"},"content":{"rendered":"<p><img decoding=\"async\" loading=\"lazy\" class=\"alignnone size-medium wp-image-226\" src=\"http:\/\/couplesetfamilles35.org\/wp-content\/uploads\/2018\/09\/besoin-300x94.png\" alt=\"\" width=\"300\" height=\"94\" srcset=\"https:\/\/couplesetfamilles35.org\/wp-content\/uploads\/2018\/09\/besoin-300x94.png 300w, https:\/\/couplesetfamilles35.org\/wp-content\/uploads\/2018\/09\/besoin.png 499w\" sizes=\"(max-width: 300px) 100vw, 300px\" \/><img decoding=\"async\" loading=\"lazy\" class=\"alignright wp-image-213 size-full\" src=\"http:\/\/couplesetfamilles35.org\/wp-content\/uploads\/2018\/09\/jambes-e1536764604308.png\" alt=\"\" width=\"150\" height=\"190\" \/><\/p>\n<p style=\"text-align: center;\">d\u2019\u00eatre <span style=\"color: #eb5e30;\"><strong>\u00e9cout\u00e9<\/strong><\/span>(e), de <span style=\"color: #eb5e30;\"><strong>parler<\/strong><\/span>\u2026\u00a0?<\/p>\n<p style=\"text-align: center;\">de faire le point, de vous <span style=\"color: #1590c3;\"><strong>interroger<\/strong><\/span>, de vous <span style=\"color: #a0d34d;\"><strong>poser<\/strong><\/span>\u2026\u00a0?<\/p>\n<p style=\"text-align: center;\">de renouer le <span style=\"color: #1590c3;\"><strong>dialogue<\/strong><\/span>, de clarifier vos relations\u2026\u00a0?<\/p>\n<p style=\"text-align: center;\">de prendre du recul\u2026\u00a0?<\/p>\n<p style=\"text-align: center;\">d\u2019<span style=\"color: #eb5e30;\"><strong>exprimer<\/strong><\/span> ce que vous ressentez, vos <span style=\"color: #a0d34d;\"><strong>besoins<\/strong><\/span>, vos<span style=\"color: #eb5e30;\"> <strong>difficult\u00e9s<\/strong><\/span>\u2026\u00a0?<\/p>\n<p style=\"text-align: center;\">\u00a0de mettre des mots sur les <span style=\"color: #a0d34d;\"><strong>crises<\/strong><\/span>, les insatisfactions\u2026\u00a0?<\/p>\n<p style=\"text-align: center;\">de <span style=\"color: #1590c3;\"><strong>comprendre<\/strong><\/span> et g\u00e9rer les conflits\u2026\u00a0?<\/p>\n<p style=\"text-align: center;\">d<strong>\u2019<span style=\"color: #a0d34d;\">\u00eatre accompagn\u00e9<\/span><\/strong>(e) pour mieux comprendre ce que vous traversez\u2026\u00a0?<\/p>\n<p style=\"text-align: center;\">d\u2019<strong><span style=\"color: #a0d34d;\">avancer<\/span><\/strong>, d\u2019<span style=\"color: #1590c3;\"><strong>\u00e9voluer<\/strong><\/span>, de prendre une <span style=\"color: #eb5e30;\"><strong>d\u00e9cision<\/strong><\/span>\u2026<\/p>\n<p><img decoding=\"async\" loading=\"lazy\" class=\"alignnone size-medium wp-image-227\" src=\"http:\/\/couplesetfamilles35.org\/wp-content\/uploads\/2018\/09\/propos-300x98.png\" alt=\"\" width=\"300\" height=\"98\" srcset=\"https:\/\/couplesetfamilles35.org\/wp-content\/uploads\/2018\/09\/propos-300x98.png 300w, https:\/\/couplesetfamilles35.org\/wp-content\/uploads\/2018\/09\/propos.png 425w\" sizes=\"(max-width: 300px) 100vw, 300px\" \/><\/p>\n<p style=\"text-align: center;\"><span style=\"color: #1590c3;\"><strong>la communication, les relations dans le couple, la famille,\u00a0<\/strong><\/span>parents\/enfants, belle famille, ex-conjoint, grands-parents, familles recompos\u00e9es, monoparentales, homoparentales\u2026<\/p>\n<p style=\"text-align: center;\"><span style=\"color: #a0d34d;\"><strong>les conflits, les difficult\u00e9s<\/strong>,\u00a0<\/span>divorce, rupture, s\u00e9paration, violence, maladie\u2026<\/p>\n<p style=\"text-align: center;\"><span style=\"color: #1590c3;\"><strong>les changements de vie<\/strong>,\u00a0<\/span>deuil, solitude, retraite, d\u00e9part des enfants\u2026.<strong>\u00a0<\/strong><\/p>\n<p style=\"text-align: center;\"><span style=\"color: #a0d34d;\"><strong>la vie affective et la sexualit\u00e9<\/strong>,\u00a0<\/span>orientation sexuelle, d\u00e9sir d\u2019enfant, accueil d\u2019enfant, interruption de grossesse, contraception, infections sexuellement transmissibles\u2026<\/p>\n<h2 style=\"text-align: center;\"><span style=\"color: #ff0000;\"><a style=\"color: #ff0000;\" href=\"http:\/\/couplesetfamilles35.org\/index.php\/nous-contacter\/\">Nous contacter<\/a><\/span><\/h2>\n","protected":false},"excerpt":{"rendered":"<p>d\u2019\u00eatre \u00e9cout\u00e9(e), de parler\u2026\u00a0? de faire le point, de vous interroger, de vous poser\u2026\u00a0? de renouer le dialogue, de clarifier vos relations\u2026\u00a0? de prendre du recul\u2026\u00a0? d\u2019exprimer ce que vous ressentez, vos besoins, vos difficult\u00e9s\u2026\u00a0? \u00a0de mettre des mots sur les crises, les insatisfactions\u2026\u00a0? de comprendre et g\u00e9rer les conflits\u2026\u00a0? d\u2019\u00eatre accompagn\u00e9(e) pour mieux comprendre &hellip; <a href=\"https:\/\/couplesetfamilles35.org\/index.php\/nos-activites\/entretien-aide-a-la-relation\/\" class=\"more-link\">Continue reading <span class=\"screen-reader-text\">Entretiens d&#8217;aide \u00e0 la relation<\/span><\/a><\/p>\n","protected":false},"author":1,"featured_media":0,"parent":115,"menu_order":0,"comment_status":"closed","ping_status":"closed","template":"","meta":[],"_links":{"self":[{"href":"https:\/\/couplesetfamilles35.org\/index.php\/wp-json\/wp\/v2\/pages\/8"}],"collection":[{"href":"https:\/\/couplesetfamilles35.org\/index.php\/wp-json\/wp\/v2\/pages"}],"about":[{"href":"https:\/\/couplesetfamilles35.org\/index.php\/wp-json\/wp\/v2\/types\/page"}],"author":[{"embeddable":true,"href":"https:\/\/couplesetfamilles35.org\/index.php\/wp-json\/wp\/v2\/users\/1"}],"replies":[{"embeddable":true,"href":"https:\/\/couplesetfamilles35.org\/index.php\/wp-json\/wp\/v2\/comments?post=8"}],"version-history":[{"count":22,"href":"https:\/\/couplesetfamilles35.org\/index.php\/wp-json\/wp\/v2\/pages\/8\/revisions"}],"predecessor-version":[{"id":329,"href":"https:\/\/couplesetfamilles35.org\/index.php\/wp-json\/wp\/v2\/pages\/8\/revisions\/329"}],"up":[{"embeddable":true,"href":"https:\/\/couplesetfamilles35.org\/index.php\/wp-json\/wp\/v2\/pages\/115"}],"wp:attachment":[{"href":"https:\/\/couplesetfamilles35.org\/index.php\/wp-json\/wp\/v2\/media?parent=8"}],"curies":[{"name":"wp","href":"https:\/\/api.w.org\/{rel}","templated":true}]}}